*z**3 + 1/8*z**4 + 8*z. What is n(3)?
13
Let a be 1836/92 + 7/161. Let q(n) = n**3 - 20*n**2 + 2*n - 24. What is q(a)?
16
Let w(a) be the first derivative of 5*a**3/6 + 3*a + 1. Let h(y) be the first derivative of w(y). Let z be (-4 - -2)*2/4. Calculate h(z).
-5
Let z(q) be the first derivative of q**3/3 + q + 10. Suppose -4*c = -6*c + 4. Let g = c + -4. What is z(g)?
5
Let u = 284 - 289. Let i(r) = -r - 8. Calculate i(u).
-3
Let b(v) be the second derivative of v**8/6720 - v**5/30 - 7*v**4/12 + 17*v. Let n(q) be the third derivative of b(q). Calculate n(0).
-4
Let x(j) = 2*j + 8*j + 10*j + j - 20*j. Suppose -4 = 5*z + 11. Calculate x(z).
-3
Let l(z) = -220*z**3 - z + 1 + 444*z**3 - 226*z**3 + 4*z. Calculate l(-2).
11
Let k = 251 - 251. Let a(u) = -u + 16. Calculate a(k).
16
Suppose 4 = -6*s + 2*s. Let h(n) = -2*n + 2. Let u(a) = -a - 1. Let c(w) = s*u(w) + h(w). Calculate c(-6).
9
Let m(h) be the first derivative of h**5/20 - h**4/12 + h**3/6 - 3*h**2/2 + 8*h - 5. Let n(s) be the first derivative of m(s). What is n(0)?
-3
Let r(k) = 8*k + 1. Let d = 203 + -323. Let p be 1/5 + 144/d. Give r(p).
-7
Let f = -5 - 1. Let t(i) = 51*i**2 + 44*i**2 - 8*i + 41*i**2 + 49*i**2 - 186*i**2 + 4. Determine t(f).
16
Let o(r) = -7*r**3 - r + 1. Let m(z) = 9*z - 7. Let p be m(1). Suppose 0 = 5*k + p - 7. What is o(k)?
-7
Let n = -4 - -9. Suppose -26*m + 4*m = 0. Suppose 3*z + y + n = 1, -5*z - 2*y - 6 = m. Let p(u) = 2*u + 1. Give p(z).
-3
Let v(c) = -2773 + 7*c**2 + c + 2773. Suppose -a - 11 = 5*x - 5*a, -2*a + 10 = 2*x. Give v(x).
8
Let n(u) = -u**3 + 7*u**2 - u + 8. Let t(o) = o**2 - 3*o + 1. Let k be 1 + 0 + 3 + -1. Let l be t(k). Suppose -a + l + 3 = 0, -3*r - 5*a = -41. Calculate n(r).
1
Let y(k) = k**2 + 11*k + 10. Let v be (8/12 + 0)*(-273)/26. What is y(v)?
-18
Let c(p) = 3*p. Let h = -55 - -59. Suppose -4*m - h*m - 16 = 0. What is c(m)?
-6
Let j(t) = -2*t**2 + 4*t - 2. Suppose -h = -0*p - 2*p + 4, -5*p + h = -13. Calculate j(p).
-8
Suppose -2*k + 3 = -9. Let g(h) be the third derivative of -h**5/60 + 7*h**4/24 + h**3/3 + 15*h**2. Determine g(k).
8
Suppose k + 2*f = -k - 30, 0 = -4*k - 3*f - 56. Let w = -11 - k. Let o(b) = -b**3 + b**2 + 4. Determine o(w).
4
Let j(u) = 3*u + 20*u**2 - 40 + 39 - 23*u**2. Let h = 3 + 5. Suppose h = 3*b + b. Give j(b).
-7
Let q(m) = -m**3 + 5*m**2 + 9*m - 1. Let l(s) be the first derivative of -2*s**2 - 2*s + 20. Let t be l(-2). Give q(t).
17
Suppose -4*q + 7*q = 0, -2*j - 24 = -3*q. Let s be 4/((6/2)/12). Let g = s + j. Let w(o) = o**2 - 5*o + 6. Calculate w(g).
2
Let q = 11 - 7. Suppose q*t = -5*d + 6 + 2, t - 2*d = 2. Let a(r) = -r**3 + 2*r**2 - 3*r + 3. Determine a(t).
-3
Suppose 0 = -9*t - 53 - 1. Let z(g) = g**3 + 8*g**2 + 8*g + 6. Give z(t).
30
Let u = -99 + 106. Let f(g) = u - 1 - g - 4. What is f(0)?
2
Let p be (4*5/(-25))/((-4)/10). Let c(k) = -k - 1. Give c(p).
-3
Let j(u) = -u**3 - 7*u**2 + 8*u + 8. Let h = 31 - 22. Let w(v) = v**3 - 10*v**2 + 9*v - 8. Let g be w(h). Determine j(g).
8
Let i(y) be the first derivative of -y**4/4 - y**3 + y**2 + 4*y - 3. Determine i(-4).
12
Let f(y) = -5*y + 6 + 12 - 21. Let w(u) = -u**2 - u - 2. Let n be w(0). Determine f(n).
7
Let h(g) = 4*g**3 - 31*g**2 - 8*g - 9. Let f = 2521 + -2513. What is h(f)?
-9
Let h(m) = m**3 - 7*m**2 + 5*m + 6. Let y be (-48)/(-120) + (-56)/(-10). Calculate h(y).
0
Let n(u) = 2*u - 4. Let s(y) = -10*y - 123. Let o be s(-12). What is n(o)?
-10
Let s = 18 - 15. Let b(k) = 7 + k - 25 + k**s + 11 + 0*k. Give b(0).
-7
Let j(s) = 10 + 3 - 6*s - s**2 - 8 - 5*s. Give j(-10).
15
Let u(g) = -71*g + 2*g**2 - 4 + 38*g - 10. Determine u(17).
3
Let w = 430 - 436. Let s(r) = r**2 + 6*r + 7. Calculate s(w).
7
Let y = 4397 - 4405. Let v(d) = -4*d**2 + 16*d + 3. Let i(j) = -3*j**2 + 15*j + 4. Let m(g) = -5*i(g) + 4*v(g). Calculate m(y).
16
Let r be (1 - -4)/(((-100)/8)/(-5)). Let q(s) = -6*s**2 + 2*s**2 + 6 + 7*s**r - 2*s**2 + 6*s. Calculate q(-4).
-2
Suppose 0 = 22*l + 11*l + 165. Let t(i) = i**3 + 6*i**2 + 3*i - 3. Give t(l).
7
Let s(k) = -10*k - 13*k + 5*k + 2*k - 1 - 1. Determine s(1).
-18
Let a(c) = c**2 - 613*c - 611*c - 10 + 3 + 1212*c. What is a(12)?
-7
Let m(c) be the third derivative of -c**6/120 + c**5/15 + c**4/24 + 5*c**3/6 - 5*c**2 + 10*c. Calculate m(4).
9
Let n(x) = -3 + 7 + x - 5 + 7. Suppose -18*c = -13*c. Suppose c*v = v. Calculate n(v).
6
Suppose -4*r - 5 = -9*r. Let l be (-2 + r)*(-2 - 1/(-1)). Let v(y) = -15*y + 1. Calculate v(l).
-14
Let v(w) be the third derivative of 0 + 0*w - 1/6*w**3 + 1/60*w**5 + 1/24*w**6 + 9*w**2 + 0*w**4. Let c(d) = d - 5. Let k be c(6). Give v(k).
5
Let j(h) = h**3 + 4*h**2 + 4*h + 4. Let k(i) = i**3 + 5*i**2 + 5*i + 4. Let p(u) = 6*j(u) - 5*k(u). Let w(y) = -y**3 - y**2. Let o be w(-1). Determine p(o).
4
Let j(c) be the second derivative of c**5/20 - 5*c**4/12 + c**3/3 - c**2/2 - 32*c. What is j(3)?
-13
Let b(c) be the third derivative of c**6/120 - c**4/24 + c**3/6 + 14*c**2. Let i = -7 + 8. Determine b(i).
1
Let z be -3 - (-177)/21 - (-21)/(-49). Suppose -7*u - z = 2. Let f(g) = -9*g**3 - g. Determine f(u).
10
Let d(m) = -4*m**2 - 3*m - 3. Let i be d(-2). Let f = -6 - i. Let r(s) = -f + 4*s**2 - 2*s**3 + 2*s - 5 - 3*s**2 + 9. Determine r(2).
-11
Let n(g) = -g**3 + 1. Let r be n(1). Let x(v) be the third derivative of 3/2*v**3 + 0 + 1/24*v**4 + 0*v + 2*v**2 + 1/60*v**5. Determine x(r).
9
Let a(z) = z**2 - 4*z + 3. Let g be a(4). Suppose 0 = 4*t + 5*s + 26 + 36, 2*t = -s - 34. Let f be g + 2 + t/2. Let l(q) = -3*q - 2. Calculate l(f).
10
Let x(g) = 10*g**2 + 4*g + 4. Let a(n) = 31*n**2 + 11*n + 11. Let l(s) = 3*a(s) - 8*x(s). Suppose 4*f = 4*t + 12, 5*t + 5*f - 5 = -0*t. What is l(t)?
13
Let a(b) be the third derivative of -3*b**5/10 - b**4/24 - b**3/6 + 35*b**2. Give a(-1).
-18
Let c = 50 - 48. Let y(w) = -3*w**2 + 43*w + c - 43*w - w**3. Determine y(-3).
2
Let p(c) = -104*c. Let i be p(-1). Suppose 3*m + 36 = g, -5*g + 0*m - 4*m + i = 0. Suppose 5*b - g = b. Let s(z) = z**3 - 6*z**2 + z - 7. What is s(b)?
-1
Suppose 5 = o - 3*p + 2*p, 10 = 2*o + p. Let w(h) = -9*h + 28. Let k(z) = 2*z - 7. Let d(u) = 3*k(u) + w(u). Calculate d(o).
-8
Let i = 6 + -5. Suppose i = -4*u + 9. Let p(s) = u*s + 8*s**2 - 2*s. Calculate p(-1).
8
Let k(a) = -a. Let y be k(5). Let l(n) = 0 - 10 - 7 - 3*n + 18 - 7. Determine l(y).
9
Suppose 5*g = 59 + 51. Let l be (-4)/g - (-105)/33. Let y(h) be the second derivative of h**4/12 - 2*h**3/3 + 2*h**2 - 6*h. Give y(l).
1
Let b = -16 + 26. Let j(g) = 28*g - 10. Let y(d) = 121*d - 41. Let x(o) = -26*j(o) + 6*y(o). Calculate x(b).
-6
Suppose 46 - 126 = -8*w. Let h(j) = -7*j**2 + 13*j - 15. Let c(d) = -3*d**2 + 7*d - 7. Let m(g) = -5*c(g) + 2*h(g). Calculate m(w).
15
Let j(y) be the second derivative of -y**4/12 - 4*y**3/3 + y**2 - y. Suppose 0 = 11*b + 12 + 76. Calculate j(b).
2
Let b(c) = -c**2 + 7*c + 6. Let r be (-6 + 2)*70/(-40). Determine b(r).
6
Let t(p) = p**3 + 4*p**2 + 4*p - 2. Suppose 0 = 50*k + 206 - 6. What is t(k)?
-18
Let t = 46 - 45. Let r(a) = -7 + t + 5*a + 2. Give r(3).
11
Suppose -7*q + 2*q = -25. Suppose 0 = -5*w + 2*g - 1, w + w = -g + q. Let j(y) = -15*y**3 + y - 1. Give j(w).
-15
Let c(t) be the first derivative of 0*t - 3 + 1/2*t**2. Let k be (-9)/(-12) + (-81)/12. Determine c(k).
-6
Let x(s) = -s**2 - s. Suppose 16*f + 158 = 142. What is x(f)?
0
Suppose 0 = -4*a + 2 + 2. Let w(l) = -5*l**2 + 2*l - 2. Let m be w(a). Let f(d) = d**3 - d**2. Let i(k) = k**3 - 1. Let v(n) = -5*f(n) + 6*i(n). What is v(m)?
-6
Let a(o) = -7*o**2. Let i be -3*2 - (-35 + 30). Give a(i).
-7
Let s(f) be the second derivative of -f**5/60 - 5*f**4/24 + f**3/6 + 6*f. Let m(h) be the second derivative of s(h). Determine m(4).
-13
Let z(j) = -4*j**2 - 5*j + 1. Let w(o) = 3*o**2 + 4*o - 1. Let h(l) = -5*w(l) - 4*z(l). Let c = 7 - 2. Suppose -c*s + 2 = 2. Give h(s).
1
Let w(x) = 12*x**3 - x**2 + 1. Suppose f - 100 = -4*f. Suppose 0 = 5*c - 5*p - 0*p - f, -5*c = -p - 24. Suppose -4 = c*z - z. Determine w(z).
-12
Let n = -46 + 77. Let z = -27 + n. Let b(j) = 1 + j**2 - 2 - 1 - 4*j. What is b(z)?
-2
Let d = -13 + -2. Let a = -9 - d. Let i(w) be the third derivative of w**6/120 - w**5/12 - 3*w**4/8 + 7*w**3/6 + 5*w**2. Determine i(a).
-11
Let s(u) be the second derivative of u**4/12 - 3*u. Let i(q) = -7*q**2